{"id":8218,"date":"2020-10-01T17:29:50","date_gmt":"2020-10-01T15:29:50","guid":{"rendered":"https:\/\/www.oldsite.ambroservizi.it\/?page_id=8218"},"modified":"2020-12-22T11:28:26","modified_gmt":"2020-12-22T10:28:26","slug":"scuole-enti-corsi-di-formazione-sulla-privacy-nella-dad","status":"publish","type":"page","link":"https:\/\/www.oldsite.ambroservizi.it\/index.php\/scuole-enti-corsi-di-formazione-sulla-privacy-nella-dad\/","title":{"rendered":"Scuole\/Enti: Corsi di Formazione sulla Sicurezza e Privacy nella DAD"},"content":{"rendered":"\n<figure class=\"wp-block-image alignwide size-large\"><img loading=\"lazy\" width=\"600\" height=\"250\" src=\"https:\/\/www.oldsite.ambroservizi.it\/wp-content\/uploads\/2020\/09\/annie-spratt-g9KFpAfQ5bc-unsplash_600x250.png\" alt=\"\" class=\"wp-image-7239\" srcset=\"https:\/\/www.oldsite.ambroservizi.it\/wp-content\/uploads\/2020\/09\/annie-spratt-g9KFpAfQ5bc-unsplash_600x250.png 600w, https:\/\/www.oldsite.ambroservizi.it\/wp-content\/uploads\/2020\/09\/annie-spratt-g9KFpAfQ5bc-unsplash_600x250-300x125.png 300w\" sizes=\"(max-width: 600px) 100vw, 600px\" \/><\/figure>\n\n\n\n<hr class=\"wp-block-separator is-style-wide\"\/>\n\n\n\n<p style=\"font-size:22px\">DI <strong>COSA<\/strong> SI TRATTA?<\/p>\n\n\n\n<p class=\"has-text-align-center has-vivid-cyan-blue-color has-very-light-gray-background-color has-text-color has-background has-medium-font-size\">CORSI DI FORMAZIONE sulla SICUREZZA  e PRIVACY nella DAD<\/p>\n\n\n\n<h4>COR-PRIDAD-D &#8211; Corso per i Docenti<\/h4>\n\n\n\n<h4>COR-PRIDAD-G &#8211; Informativa per le Famiglie<\/h4>\n\n\n\n<h4>COR-PRIDAD-S &#8211; Informativa per gli Studenti<\/h4>\n\n\n\n<p>I corsi di formazione per i Docenti vengono svolti in modalit\u00e0 E-learning. All&#8217;interno della piattaforma si scelgono quali corsi intraprendere in base alle proprie materie (Infanzia, Primaria, Secondaria). \u00c8 previsto un test finale. Viene proposta in alternativa la possibilit\u00e0 di usufruire del corso in modalit\u00e0 webinar, con istruttore dal vivo.<\/p>\n\n\n\n<p>Per gli studenti vengono messi a disposizione dei filmati esplicativi per l&#8217;installazione e il corretto uso dello strumento. Sono presenti anche contenuti che riguardano la sicurezza e la privacy.<\/p>\n\n\n\n<hr class=\"wp-block-separator is-style-wide\"\/>\n\n\n\n<p style=\"font-size:22px\">A<strong> CHI <\/strong>SI RIVOLGONO I CORSI?<\/p>\n\n\n\n<p>Ai Docenti, alle Famiglie e a gli Alunni\/Studenti<\/p>\n\n\n\n<hr class=\"wp-block-separator is-style-wide\"\/>\n\n\n\n<p style=\"font-size:22px\">QUALI SONO I <strong>CONTENUTI<\/strong> E I <strong>COSTI<\/strong>?<\/p>\n\n\n\n<figure class=\"wp-block-table\"><table><tbody><tr><td class=\"has-text-align-center\" data-align=\"center\"><strong>Codice MEPA<\/strong><\/td><td class=\"has-text-align-center\" data-align=\"center\"><strong>Denominazione<\/strong><\/td><td class=\"has-text-align-center\" data-align=\"center\"><strong>Tipologia<\/strong><\/td><td class=\"has-text-align-center\" data-align=\"center\"><strong>Dettagli<\/strong><\/td><td class=\"has-text-align-center\" data-align=\"center\"><strong>Anni<\/strong><br><strong>validit\u00e0<\/strong><\/td><td class=\"has-text-align-center\" data-align=\"center\"><strong>Costo<\/strong><\/td><\/tr><tr><td class=\"has-text-align-center\" data-align=\"center\">COR-PRIDAD-D<\/td><td class=\"has-text-align-center\" data-align=\"center\">Corso di formazione<br>per i Docenti<\/td><td class=\"has-text-align-center\" data-align=\"center\">Modalit\u00e0 E-learning<\/td><td class=\"has-text-align-center\" data-align=\"center\">3h+1h + Test finale<br>(3h comuni+ 1h per ogni tipologia di insegnamento: Infanzia, Primaria, Secondaria)<\/td><td class=\"has-text-align-center\" data-align=\"center\">1<\/td><td class=\"has-text-align-center\" data-align=\"center\"><strong>750,00\u20ac<\/strong><\/td><\/tr><tr><td class=\"has-text-align-center\" data-align=\"center\">COR-PRIDAD-G<\/td><td class=\"has-text-align-center\" data-align=\"center\">Corso di formazione<br>per le Famiglie<\/td><td class=\"has-text-align-center\" data-align=\"center\">Filmati esplicativi<\/td><td class=\"has-text-align-center\" data-align=\"center\">1h Distinti per tipologia di utenza: Infanzia, Primaria, Secondaria<\/td><td class=\"has-text-align-center\" data-align=\"center\">1<\/td><td class=\"has-text-align-center\" data-align=\"center\"><strong>450,00\u20ac<\/strong><\/td><\/tr><tr><td class=\"has-text-align-center\" data-align=\"center\">COR-PRIDAD-S<\/td><td class=\"has-text-align-center\" data-align=\"center\">Corso di formazione<br>agli Studenti<\/td><td class=\"has-text-align-center\" data-align=\"center\">Filmati esplicativi<\/td><td class=\"has-text-align-center\" data-align=\"center\">1h Distinti per tipologia di utenza: Infanzia, Primaria, Secondaria<\/td><td class=\"has-text-align-center\" data-align=\"center\">1<\/td><td class=\"has-text-align-center\" data-align=\"center\"><strong>450,00\u20ac<\/strong><\/td><\/tr><\/tbody><\/table><\/figure>\n\n\n\n<figure class=\"wp-block-table\"><table><tbody><tr><td class=\"has-text-align-center\" data-align=\"center\"><strong>Codice MEPA<\/strong><\/td><td class=\"has-text-align-center\" data-align=\"center\"><strong>Denominazione<\/strong><\/td><td class=\"has-text-align-center\" data-align=\"center\"><strong>Tipologia<\/strong><\/td><td class=\"has-text-align-center\" data-align=\"center\"><strong>Dettagli<\/strong><\/td><td class=\"has-text-align-center\" data-align=\"center\"><strong>Anni<\/strong><br><strong>validit\u00e0<\/strong><\/td><td class=\"has-text-align-center\" data-align=\"center\"><strong>Costo<\/strong><\/td><\/tr><tr><td class=\"has-text-align-center\" data-align=\"center\">COR-PRIDAD-ALL<\/td><td class=\"has-text-align-center\" data-align=\"center\">Tutti i corsi di formazione sulla<br>Sicurezza e Privacy nella DAD<br>(Docenti, Famiglie, Studenti)<\/td><td class=\"has-text-align-center\" data-align=\"center\">Modalit\u00e0 e-learning e filmati esplicativi<\/td><td class=\"has-text-align-center\" data-align=\"center\">vedi descrizioni dei vari corsi, con approfondimenti per tipologia di utenza (Infanzia, Primaria, Secondaria)<\/td><td class=\"has-text-align-center\" data-align=\"center\">1<\/td><td class=\"has-text-align-center\" data-align=\"center\"><strong>1.450,00\u20ac<\/strong><\/td><\/tr><\/tbody><\/table><\/figure>\n\n\n\n<figure class=\"wp-block-table\"><table><tbody><tr><td class=\"has-text-align-center\" data-align=\"center\"><strong>Codice MEPA<\/strong><\/td><td class=\"has-text-align-center\" data-align=\"center\"><strong>Denominazione<\/strong><\/td><td class=\"has-text-align-center\" data-align=\"center\"><strong>Tipologia<\/strong><\/td><td class=\"has-text-align-center\" data-align=\"center\"><strong>Dettagli<\/strong><\/td><td class=\"has-text-align-center\" data-align=\"center\"><strong>Anni<\/strong><br><strong>validit\u00e0<\/strong><\/td><td class=\"has-text-align-center\" data-align=\"center\"><strong>Costo<\/strong><\/td><\/tr><tr><td class=\"has-text-align-center\" data-align=\"center\">COR-PRIDAD-DW<\/td><td class=\"has-text-align-center\" data-align=\"center\">Corso di formazione per i Docenti,<br>in alternativa a COR-PRIDAD-D<\/td><td class=\"has-text-align-center\" data-align=\"center\">Modalit\u00e0 webinar<\/td><td class=\"has-text-align-center\" data-align=\"center\">1 sessione comune di 3h+1h domande\/risposte e 3 sessioni distinte da 1h per le varie esigenze: Infanzia, Primaria, Secondaria<\/td><td class=\"has-text-align-center\" data-align=\"center\">1<\/td><td class=\"has-text-align-center\" data-align=\"center\"><strong>1.900,00\u20ac<\/strong><\/td><\/tr><\/tbody><\/table><\/figure>\n\n\n\n\n\n<p class=\"has-medium-font-size\">Possono essere ordinati su piattaforma <strong>MEPA <\/strong>indicando il codice corrispondente o scaricando il documento riepilogativo e l&#8217;offerta a fine pagina o richiedendo un preventivo personalizzato all&#8217;indirizzo <strong>info@ambroservizi.it<\/strong><\/p>\n\n\n\n<p style=\"font-size:22px\"><strong>PROGRAMMA<\/strong> DEL SERVIZIO DI PROJECT MANAGER: CONSULENTE E REFERENTE PER LA DIDATTICA DIGITALE INTEGRATA E LA DIDATTICA A DISTANZA<\/p>\n\n\n\n<p>In una prima riunione con il Dirigente Scolastico e i suoi incaricati il REFERENTE espone la sua proposta su piattaforma e modalit\u00e0 e una volta approvata si avviano i corsi di formazione in modalit\u00e0 e-learning da far svolgere a Docenti e Studenti affinch\u00e9 tutti abbiano facilmente la padronanza degli strumenti. La proposta prevede la scelta tra le piattaforme pi\u00f9 usate in commercio.<\/p>\n\n\n\n<p>Il REFERENTE rimane a disposizione per coloro che avessero dubbi o necessit\u00e0 di approfondimenti.<\/p>\n\n\n\n<p>Tra i sui compiti c\u2019\u00e8 anche quello di verificare e garantire che tutte le attivit\u00e0 vengano svolte in ottemperanza alle norme sulla Sicurezza sul lavoro e sulla Privacy.<\/p>\n\n\n\n<p>Tutte le riunioni e le riunioni con il REFERENTE vengono svolte in modalit\u00e0 remota. \u00c8 previsto un incontro in webinar con tutti i Docenti per affrontare eventuali dubi in una sessione di domande\/risposte.<\/p>\n\n\n\n\n\n<p><\/p>\n\n\n\n<p style=\"font-size:22px\"><strong>PROGRAMMA<\/strong> DEI CORSI DAD PER LA DIDATTICA A DISTANZA &#8211; DOCENTI E STUDENTI<\/p>\n\n\n\n<p>Per i Docenti: Corso per l\u2019organizzazione delle classi e per l\u2019uso degli strumenti tecnologici ai fini didattici. Il corso \u00e8 differenziato in base alla tipologia di utenza (sono presenti contenuti personalizzati per Infanzia, Primaria e Secondaria). \u00c8 composto da contributi multimediali (audio, filmati), tabelle riassuntive e dispense e al termine il Test finale di apprendimento.<\/p>\n\n\n\n<p>Per gli Studenti: Filmati esplicativi per l&#8217;installazione e l&#8217;uso degli strumenti tecnologici differenziati in base alla tipologia di utenza (Infanzia, Primaria e Secondaria).<\/p>\n\n\n\n<hr class=\"wp-block-separator is-style-wide\"\/>\n\n\n\n<div class=\"wp-block-media-text alignwide is-stacked-on-mobile\" style=\"grid-template-columns:15% auto\"><figure class=\"wp-block-media-text__media\"><img loading=\"lazy\" width=\"1024\" height=\"1024\" src=\"https:\/\/www.oldsite.ambroservizi.it\/wp-content\/uploads\/2020\/04\/hope-house-press-leather-diary-studio-IOzk8YKDhYg-unsplash-1024x1024.jpg\" alt=\"\" class=\"wp-image-648\" srcset=\"https:\/\/www.oldsite.ambroservizi.it\/wp-content\/uploads\/2020\/04\/hope-house-press-leather-diary-studio-IOzk8YKDhYg-unsplash-1024x1024.jpg 1024w, https:\/\/www.oldsite.ambroservizi.it\/wp-content\/uploads\/2020\/04\/hope-house-press-leather-diary-studio-IOzk8YKDhYg-unsplash-300x300.jpg 300w, https:\/\/www.oldsite.ambroservizi.it\/wp-content\/uploads\/2020\/04\/hope-house-press-leather-diary-studio-IOzk8YKDhYg-unsplash-150x150.jpg 150w, https:\/\/www.oldsite.ambroservizi.it\/wp-content\/uploads\/2020\/04\/hope-house-press-leather-diary-studio-IOzk8YKDhYg-unsplash-768x768.jpg 768w, https:\/\/www.oldsite.ambroservizi.it\/wp-content\/uploads\/2020\/04\/hope-house-press-leather-diary-studio-IOzk8YKDhYg-unsplash-1536x1536.jpg 1536w, https:\/\/www.oldsite.ambroservizi.it\/wp-content\/uploads\/2020\/04\/hope-house-press-leather-diary-studio-IOzk8YKDhYg-unsplash-2048x2048.jpg 2048w\" sizes=\"(max-width: 1024px) 100vw, 1024px\" \/><\/figure><div class=\"wp-block-media-text__content\">\n<p style=\"font-size:22px\"><strong>DOCUMENTAZIONE<\/strong><\/p>\n\n\n\n<p>Durante il Corso sar\u00e0 fornita la documentazione utilizzata dai docenti nell\u2019esposizione e necessaria per l\u2019approfondimento degli argomenti affrontati.<\/p>\n<\/div><\/div>\n\n\n\n<hr class=\"wp-block-separator is-style-wide\"\/>\n\n\n\n<div class=\"wp-block-media-text alignwide is-stacked-on-mobile\" style=\"grid-template-columns:15% auto\"><figure class=\"wp-block-media-text__media\"><img loading=\"lazy\" width=\"1024\" height=\"683\" src=\"https:\/\/www.oldsite.ambroservizi.it\/wp-content\/uploads\/2020\/04\/sincerely-media-dGxOgeXAXm8-unsplash-1024x683.jpg\" alt=\"\" class=\"wp-image-649\" srcset=\"https:\/\/www.oldsite.ambroservizi.it\/wp-content\/uploads\/2020\/04\/sincerely-media-dGxOgeXAXm8-unsplash-1024x683.jpg 1024w, https:\/\/www.oldsite.ambroservizi.it\/wp-content\/uploads\/2020\/04\/sincerely-media-dGxOgeXAXm8-unsplash-300x200.jpg 300w, https:\/\/www.oldsite.ambroservizi.it\/wp-content\/uploads\/2020\/04\/sincerely-media-dGxOgeXAXm8-unsplash-768x512.jpg 768w, https:\/\/www.oldsite.ambroservizi.it\/wp-content\/uploads\/2020\/04\/sincerely-media-dGxOgeXAXm8-unsplash-1536x1024.jpg 1536w, https:\/\/www.oldsite.ambroservizi.it\/wp-content\/uploads\/2020\/04\/sincerely-media-dGxOgeXAXm8-unsplash-2048x1365.jpg 2048w\" sizes=\"(max-width: 1024px) 100vw, 1024px\" \/><\/figure><div class=\"wp-block-media-text__content\">\n<p style=\"font-size:22px\">QUAL E&#8217; LA<strong> METODOLOGIA DIDATTICA<\/strong>?<\/p>\n\n\n\n<p>I corsi di formazione sulla sicurezza per lavoratori sono svolti con metodo altamente interattivo, in modo da coinvolgere gli allievi, sollecitarne l\u2019interesse, favorire la discussione su casi pratici provenienti dalla loro esperienza. Per mantenere un alto livello di attenzione dei partecipanti durante l\u2019intero percorso formativo e favorire quindi l\u2019apprendimento verr\u00e0 dato spazio all\u2019interazione tra i partecipanti anche nella soluzione di casi reali mediante partecipazione a workshop.<\/p>\n<\/div><\/div>\n\n\n\n<p><strong>Terminologie:<\/strong><\/p>\n\n\n\n<p><strong><em>FAD<\/em><\/strong> = Frequenza a distanza, quindi attivit\u00e0 in autonomia di utilizzo della piattaforma, in orario e frazioni libere<\/p>\n\n\n\n<p><strong><em>Webinar<\/em><\/strong> = attivit\u00e0 di classe virtuale con il collegamento in diretta con programmazione di giorno ed ora in collegamento con i tutor, con i quali \u00e8 possibile interagire esattamente come in aula. Il sistema prevede tracciamento e controllo delle presenze, sessioni domande e risposte, interventi live ed in chat.<\/p>\n\n\n\n<p><strong><em>Aula<\/em><\/strong> = attivit\u00e0 di formazione tradizionale, arricchita da question time ed esempi pratici. (non svolta durante l&#8217;emergenza covid)<\/p>\n\n\n\n<hr class=\"wp-block-separator is-style-wide\"\/>\n\n\n\n<div class=\"wp-block-media-text alignwide is-stacked-on-mobile\" style=\"grid-template-columns:15% auto\"><figure class=\"wp-block-media-text__media\"><img loading=\"lazy\" width=\"1024\" height=\"683\" src=\"https:\/\/www.oldsite.ambroservizi.it\/wp-content\/uploads\/2020\/04\/you-x-ventures-MUZFKa_mttU-unsplash-1024x683.jpg\" alt=\"\" class=\"wp-image-646\" srcset=\"https:\/\/www.oldsite.ambroservizi.it\/wp-content\/uploads\/2020\/04\/you-x-ventures-MUZFKa_mttU-unsplash-1024x683.jpg 1024w, https:\/\/www.oldsite.ambroservizi.it\/wp-content\/uploads\/2020\/04\/you-x-ventures-MUZFKa_mttU-unsplash-300x200.jpg 300w, https:\/\/www.oldsite.ambroservizi.it\/wp-content\/uploads\/2020\/04\/you-x-ventures-MUZFKa_mttU-unsplash-768x512.jpg 768w, https:\/\/www.oldsite.ambroservizi.it\/wp-content\/uploads\/2020\/04\/you-x-ventures-MUZFKa_mttU-unsplash-1536x1024.jpg 1536w, https:\/\/www.oldsite.ambroservizi.it\/wp-content\/uploads\/2020\/04\/you-x-ventures-MUZFKa_mttU-unsplash-2048x1365.jpg 2048w\" sizes=\"(max-width: 1024px) 100vw, 1024px\" \/><\/figure><div class=\"wp-block-media-text__content\">\n<p style=\"font-size:22px\">CHI SONO I <strong>RELATORI<\/strong>?<\/p>\n\n\n\n<p>I relatori dei corsi sono selezionati per esperienza sia di esperto informatico e consulente sulla sicurezza e privacy nel settore scolastico. Per il modulo giuridico si prevede la presenza di un formatore con preparazione giuridica.<\/p>\n<\/div><\/div>\n\n\n\n<hr class=\"wp-block-separator is-style-wide\"\/>\n\n\n\n<div class=\"wp-block-media-text alignwide is-stacked-on-mobile\" style=\"grid-template-columns:15% auto\"><figure class=\"wp-block-media-text__media\"><img loading=\"lazy\" width=\"1024\" height=\"683\" src=\"https:\/\/www.oldsite.ambroservizi.it\/wp-content\/uploads\/2020\/04\/andrew-neel-cckf4TsHAuw-unsplash-1024x683.jpg\" alt=\"\" class=\"wp-image-647\" srcset=\"https:\/\/www.oldsite.ambroservizi.it\/wp-content\/uploads\/2020\/04\/andrew-neel-cckf4TsHAuw-unsplash-1024x683.jpg 1024w, https:\/\/www.oldsite.ambroservizi.it\/wp-content\/uploads\/2020\/04\/andrew-neel-cckf4TsHAuw-unsplash-300x200.jpg 300w, https:\/\/www.oldsite.ambroservizi.it\/wp-content\/uploads\/2020\/04\/andrew-neel-cckf4TsHAuw-unsplash-768x512.jpg 768w, https:\/\/www.oldsite.ambroservizi.it\/wp-content\/uploads\/2020\/04\/andrew-neel-cckf4TsHAuw-unsplash-1536x1024.jpg 1536w, https:\/\/www.oldsite.ambroservizi.it\/wp-content\/uploads\/2020\/04\/andrew-neel-cckf4TsHAuw-unsplash-2048x1365.jpg 2048w\" sizes=\"(max-width: 1024px) 100vw, 1024px\" \/><\/figure><div class=\"wp-block-media-text__content\">\n<p style=\"font-size:22px\"><strong>ATTESTATI <\/strong>DI<strong> FREQUENZA <\/strong>E<strong> VALUTAZIONE <\/strong>DEI PARTECIPANTI<\/p>\n\n\n\n<p>Per ogni partecipante al corso, verr\u00e0 rilasciato un attestato di frequenza solo a seguito del superamento del test di verifica dell\u2019apprendimento.<\/p>\n<\/div><\/div>\n\n\n\n<hr class=\"wp-block-separator is-style-wide\"\/>\n\n\n\n<div class=\"wp-block-media-text alignwide is-stacked-on-mobile\" style=\"grid-template-columns:15% auto\"><figure class=\"wp-block-media-text__media\"><img loading=\"lazy\" width=\"1024\" height=\"683\" src=\"https:\/\/www.oldsite.ambroservizi.it\/wp-content\/uploads\/2020\/04\/marvin-meyer-SYTO3xs06fU-unsplash-1024x683.jpg\" alt=\"\" class=\"wp-image-659\" srcset=\"https:\/\/www.oldsite.ambroservizi.it\/wp-content\/uploads\/2020\/04\/marvin-meyer-SYTO3xs06fU-unsplash-1024x683.jpg 1024w, https:\/\/www.oldsite.ambroservizi.it\/wp-content\/uploads\/2020\/04\/marvin-meyer-SYTO3xs06fU-unsplash-300x200.jpg 300w, https:\/\/www.oldsite.ambroservizi.it\/wp-content\/uploads\/2020\/04\/marvin-meyer-SYTO3xs06fU-unsplash-768x512.jpg 768w, https:\/\/www.oldsite.ambroservizi.it\/wp-content\/uploads\/2020\/04\/marvin-meyer-SYTO3xs06fU-unsplash-1536x1024.jpg 1536w, https:\/\/www.oldsite.ambroservizi.it\/wp-content\/uploads\/2020\/04\/marvin-meyer-SYTO3xs06fU-unsplash-2048x1365.jpg 2048w\" sizes=\"(max-width: 1024px) 100vw, 1024px\" \/><\/figure><div class=\"wp-block-media-text__content\">\n<p style=\"font-size:22px\"><strong>QUANDO E DOVE <\/strong>SI SVOLGE?<\/p>\n\n\n\n<p>Il corso \u00e8 svolto in e-learning (FAD) preferibilmente su Personal Computer o in visione su qualsiasi dispositivo connesso ad internet.<\/p>\n<\/div><\/div>\n\n\n\n<hr class=\"wp-block-separator is-style-wide\"\/>\n\n\n\n<div class=\"wp-block-media-text alignwide has-media-on-the-right is-stacked-on-mobile\" style=\"grid-template-columns:auto 15%\"><figure class=\"wp-block-media-text__media\"><a href=\"https:\/\/www.oldsite.ambroservizi.it\/wp-content\/uploads\/2020\/12\/ASS_CorsiDAD_2020-03.pdf\" target=\"_blank\" rel=\"noopener noreferrer\"><img loading=\"lazy\" width=\"200\" height=\"200\" src=\"https:\/\/www.oldsite.ambroservizi.it\/wp-content\/uploads\/2020\/06\/scarica-riepilogo3-e1598523382654.png\" alt=\"\" class=\"wp-image-2395\"\/><\/a><\/figure><div class=\"wp-block-media-text__content\">\n<p class=\"has-text-align-center has-medium-font-size\">Corsi di Formazione sulla Sicurezza e sulla Privacy nella Didattica A Distanza<\/p>\n\n\n\n<p class=\"has-text-align-center has-medium-font-size\"><a href=\"https:\/\/www.oldsite.ambroservizi.it\/wp-content\/uploads\/2020\/12\/ASS_CorsiDAD_2020-03.pdf\" target=\"_blank\" rel=\"noreferrer noopener\">Scarica l&#8217;offerta completa<\/a><\/p>\n<\/div><\/div>\n\n\n\n<p><\/p>\n","protected":false},"excerpt":{"rendered":"<p>DI COSA SI TRATTA? CORSI DI FORMAZIONE sulla SICUREZZA e PRIVACY nella DAD COR-PRIDAD-D &#8211; Corso per i Docenti COR-PRIDAD-G &#8211; Informativa per le Famiglie COR-PRIDAD-S &#8211; Informativa per gli &#8230;<\/p>\n","protected":false},"author":1,"featured_media":0,"parent":0,"menu_order":0,"comment_status":"closed","ping_status":"closed","template":"","meta":[],"_links":{"self":[{"href":"https:\/\/www.oldsite.ambroservizi.it\/index.php\/wp-json\/wp\/v2\/pages\/8218"}],"collection":[{"href":"https:\/\/www.oldsite.ambroservizi.it\/index.php\/wp-json\/wp\/v2\/pages"}],"about":[{"href":"https:\/\/www.oldsite.ambroservizi.it\/index.php\/wp-json\/wp\/v2\/types\/page"}],"author":[{"embeddable":true,"href":"https:\/\/www.oldsite.ambroservizi.it\/index.php\/wp-json\/wp\/v2\/users\/1"}],"replies":[{"embeddable":true,"href":"https:\/\/www.oldsite.ambroservizi.it\/index.php\/wp-json\/wp\/v2\/comments?post=8218"}],"version-history":[{"count":13,"href":"https:\/\/www.oldsite.ambroservizi.it\/index.php\/wp-json\/wp\/v2\/pages\/8218\/revisions"}],"predecessor-version":[{"id":8653,"href":"https:\/\/www.oldsite.ambroservizi.it\/index.php\/wp-json\/wp\/v2\/pages\/8218\/revisions\/8653"}],"wp:attachment":[{"href":"https:\/\/www.oldsite.ambroservizi.it\/index.php\/wp-json\/wp\/v2\/media?parent=8218"}],"curies":[{"name":"wp","href":"https:\/\/api.w.org\/{rel}","templated":true}]}}