{"id":149,"date":"2019-09-19T15:00:47","date_gmt":"2019-09-19T13:00:47","guid":{"rendered":"https:\/\/www.oldsite.ambroservizi.it\/?page_id=149"},"modified":"2022-11-12T12:42:30","modified_gmt":"2022-11-12T11:42:30","slug":"chi-siamo","status":"publish","type":"page","link":"https:\/\/www.oldsite.ambroservizi.it\/index.php\/chi-siamo\/","title":{"rendered":"Chi siamo"},"content":{"rendered":"<div class=\"wp-block-image is-style-default\">\n<figure class=\"aligncenter size-large is-resized\"><img loading=\"lazy\" src=\"https:\/\/www.oldsite.ambroservizi.it\/wp-content\/uploads\/2019\/09\/cropped-Ambro_studio_colori-1.jpg\" alt=\"\" class=\"wp-image-78\" width=\"226\" height=\"40\" srcset=\"https:\/\/www.oldsite.ambroservizi.it\/wp-content\/uploads\/2019\/09\/cropped-Ambro_studio_colori-1.jpg 905w, https:\/\/www.oldsite.ambroservizi.it\/wp-content\/uploads\/2019\/09\/cropped-Ambro_studio_colori-1-300x53.jpg 300w, https:\/\/www.oldsite.ambroservizi.it\/wp-content\/uploads\/2019\/09\/cropped-Ambro_studio_colori-1-768x135.jpg 768w\" sizes=\"(max-width: 226px) 100vw, 226px\" \/><\/figure><\/div>\n\n\n<p><\/p>\n\n\n\n<p><\/p>\n\n\n\n<p>La societ\u00e0 si avvale della presenza e della collaborazione di esperti consulenti per gli Enti Pubblici e per i Privati appartenenti al Gruppo Ambrostudio. <\/p>\n\n\n\n<p>I suoi membri e collaboratori, presenti ed attivi sul territorio lombardo fin dal 1995, si occupano da sempre di sistemi di gestione e formazione in ambito di sicurezza informatica, sicurezza sui luoghi di lavoro e privacy.<br><br>Nel corso degli anni abbiamo sviluppato competenze progettuali, legali ed amministrative in importanti campi di attivit\u00e0 sia del settore pubblico che privato.<\/p>\n\n\n\n<p>In materia di data protection, abbiamo sviluppato elevati livelli di competenza manageriale che hanno portato,&nbsp; dapprima a molteplici incarichi di Responsabilit\u00e0 operativa ed ora a contrattualizzazioni del ruolo di DPO (Data Protection Officer).&nbsp;<\/p>\n\n\n\n<p>Le competenze in materia di sicurezza , sono approfondite e focalizzate sul settore ATECO della Pubblica amministrazione, nelle rappresentazioni tipiche per le condizioni di rischio che riguardano le Istituzioni scolastiche pubbliche. Le competenze pluriennali (almeno 5 anni) dei nostri formatori sono quasi sempre anche esplicitate \u201dsul campo\u201d nel ruolo attivo di RSPP, con ampi margini di approfondimenti giuridici, ingegneristici e di tutela ambientale.<br><br>La progettazione di ciascun piano formativo \u00e8 sempre accompagnato dalle necessarie verifiche di compatibilit\u00e0 e coerenza non solo con i disposti normativi anche in materia di prevenzione e protezione antincendio, nonch\u00e9 le Decisioni in materia di applicazione dell\u2019art. 37 del D. Leg.vo 81\/2008 della Conferenza permanente Stato-Regioni, infine i disposti ministeriali in risposta a recenti interpelli in materia di valutazione dell\u2019apprendimento.<br><br>Ogni nostro intervento formativo prevede la predisposizione della documentazione necessaria ad inviare la richiesta obbligatoria di collaborazione all\u2019OPT (Organismo Paritetico Territoriale ex art. 51 D. Leg.vo 81\/2008),  operativo presso l\u2019Ufficio scolastico Regionale (Decreto USR n. 800 del 6\/11\/2013).<br><br>I progetti formativi riportano quindi in funzione dei bisogni formativi, la pianificazione d\u2019interventi che sia pur nel pieno rispetto dei disposti normativi citati, si avvicinano quanto pi\u00f9 possibile alle esigenze dell\u2019Ente organizzatore. Il livello di servizio minimo garantito, permette l\u2019attivazione di sessioni con solo 5 corsisti accreditati. I formatori operativi sono al momento 8, a nostro avviso in misura gi\u00e0 sufficiente a garantire la piena operativit\u00e0 del progetto, abbiamo per\u00f2 facilit\u00e0 di contatto con altri professionisti.<br><br>Ogni nostro intervento formativo \u00e8 sempre inquadrato e coerente con l\u2019applicazione di un SGSSL (Sistema di gestione della Sicurezza Sul Lavoro), certificabile UNI ISO OHSAS 18001:2007. Detti vantaggi sono concretamente riscontabili anche per le certificazioni che vengono redatte, quando possibile, in ottemperanza con le disposizioni presenti nel BURL sede ordinaria n. 38 del 20\/09\/2012 della Regione Lombardia.<br><br>La divisione informatica di Ambrostudio Servizi, forte della sua esperienza maturata fin dalla creazione del pacchetto SISSI distribuito in tutte le scuole italiane, ha sempre supportato al meglio i servizi di formazione, ed ormai vantiamo standard qualitativi elevatissimi, sia per la fruibilit\u00e0 della piattaforme e-learning che in generale per le tecnologie di FAD (Formazione A Distanza).<br><br>I data center Ambrostudio, hanno garantito solo negli ultimi anni scolastici un up-time dei sistemi del 99,10% del tempo didattico e l\u2019erogazione di oltre 11.000 corsi l&#8217;anno.<br><br>Le recenti esperienze con Reti di scuole e con associazioni del territorio, ci hanno infine permesso di raggiungere un livello dimensionale adeguato ad affrontare progetti formativi anche di dimensione regionale.<br><br>Ambrostudio \u00e8 accreditata sul MEPA.<\/p>\n\n\n\n<p>Partners pluriennali:<\/p>\n\n\n\n<p>Prevital Group Srl &#8211; Cerro Maggiore (MI)<\/p>\n\n\n\n<p>Arcasafe Srl &#8211; Barlassina (MI)<\/p>\n\n\n\n<p>Avv. Francesco Palazzo &#8211; Garbagnate Milanese (MI)<\/p>\n\n\n\n<p>Op System Srl &#8211; Cusago (MI)<\/p>\n\n\n<p><!--EndFragment--><\/p>\n\n\n<div class=\"wp-block-media-text alignwide has-media-on-the-right is-stacked-on-mobile\" style=\"grid-template-columns:auto 16%\"><figure class=\"wp-block-media-text__media\"><img loading=\"lazy\" width=\"399\" height=\"159\" src=\"https:\/\/www.oldsite.ambroservizi.it\/wp-content\/uploads\/2020\/06\/logo_sociouni_0181.png\" alt=\"\" class=\"wp-image-2699 size-full\" srcset=\"https:\/\/www.oldsite.ambroservizi.it\/wp-content\/uploads\/2020\/06\/logo_sociouni_0181.png 399w, https:\/\/www.oldsite.ambroservizi.it\/wp-content\/uploads\/2020\/06\/logo_sociouni_0181-300x120.png 300w\" sizes=\"(max-width: 399px) 100vw, 399px\" \/><\/figure><div class=\"wp-block-media-text__content\">\n<p class=\"has-normal-font-size\"><\/p>\n<\/div><\/div>\n","protected":false},"excerpt":{"rendered":"<p>La societ\u00e0 si avvale della presenza e della collaborazione di esperti consulenti per gli Enti Pubblici e per i Privati appartenenti al Gruppo Ambrostudio. I suoi membri e collaboratori, presenti &#8230;<\/p>\n","protected":false},"author":1,"featured_media":0,"parent":0,"menu_order":0,"comment_status":"closed","ping_status":"closed","template":"","meta":[],"_links":{"self":[{"href":"https:\/\/www.oldsite.ambroservizi.it\/index.php\/wp-json\/wp\/v2\/pages\/149"}],"collection":[{"href":"https:\/\/www.oldsite.ambroservizi.it\/index.php\/wp-json\/wp\/v2\/pages"}],"about":[{"href":"https:\/\/www.oldsite.ambroservizi.it\/index.php\/wp-json\/wp\/v2\/types\/page"}],"author":[{"embeddable":true,"href":"https:\/\/www.oldsite.ambroservizi.it\/index.php\/wp-json\/wp\/v2\/users\/1"}],"replies":[{"embeddable":true,"href":"https:\/\/www.oldsite.ambroservizi.it\/index.php\/wp-json\/wp\/v2\/comments?post=149"}],"version-history":[{"count":14,"href":"https:\/\/www.oldsite.ambroservizi.it\/index.php\/wp-json\/wp\/v2\/pages\/149\/revisions"}],"predecessor-version":[{"id":9166,"href":"https:\/\/www.oldsite.ambroservizi.it\/index.php\/wp-json\/wp\/v2\/pages\/149\/revisions\/9166"}],"wp:attachment":[{"href":"https:\/\/www.oldsite.ambroservizi.it\/index.php\/wp-json\/wp\/v2\/media?parent=149"}],"curies":[{"name":"wp","href":"https:\/\/api.w.org\/{rel}","templated":true}]}}